). Calculate the greatest common factor of a and 282.
141
Suppose 2*h - 51 = -1. Let r(i) = -2*i**3 - 2*i**2 - 14*i + 23. Let v be r(-4). What is the highest common factor of h and v?
25
Let z(p) = -p**2 - 4*p + 3. Let j be z(-4). Suppose j*d - 4 = 2*d. Suppose -6*h - 48 = -5*b, 114*h - 3 = 115*h. What is the highest common factor of b and d?
2
Let c = -24 - -15. Suppose 74 = -4*k + 2*d, -3*k + 15*d - 13*d = 54. Let b be (-4)/k*(-4 - c). What is the highest common factor of b and 1?
1
Let n = -18612 - -18832. Calculate the highest common factor of n and 4950.
110
Suppose m = -1, -4*m + 34 = 5*n - 3*m. Suppose 15 = n*p + 8. Calculate the highest common factor of 1 and p.
1
Suppose -l + 3*r + 78 = 0, -86*l + 82*l - 5*r + 227 = 0. What is the highest common divisor of l and 315?
63
Suppose 0 = -1145*x + 1161*x - 3888. Calculate the greatest common factor of 216 and x.
27
Let r be ((-6)/(-5))/((-2)/(-5)). Let b = -3 + 1. Let l be ((-2)/r)/(1/(231/b)). What is the greatest common divisor of 7 and l?
7
Let g = -3521 + 3547. Calculate the highest common divisor of g and 7683.
13
Suppose -384*y + 379*y + 765 = 0. What is the highest common factor of 3077 and y?
17
Suppose 0 = -3*h - 4*n + 14819, -16*h + 4905 = -15*h - 3*n. What is the greatest common divisor of h and 372?
93
Let g be (-4*4/40)/(4/(-20)). Suppose 0 = -3*y - 2*k + 295, g*k = 28*y - 25*y - 275. Suppose -34 = -3*j + 80. Calculate the greatest common factor of y and j.
19
Let n be (4240/140)/((16/(-14))/(-4)). What is the highest common factor of 53 and n?
53
Let t = 36 + -34. Suppose -t*b + 0*b = -120. Let s = 19 + 1. What is the greatest common factor of b and s?
20
Suppose -m - o - 19 = 0, 7*o = 2*m + 4*o + 43. Let y be (18/4 + 1)*(-16 - m). Calculate the greatest common factor of 33 and y.
11
Let f = 920 - -2924. Calculate the greatest common factor of 248 and f.
124
Suppose 7*w = 2 + 19. Suppose 2*q - 58 = -w*j - 3*q, -5*q = -j + 26. Let u be (j/(-2))/(12/(-24)). What is the highest common factor of u and 3?
3
Suppose -3*h + 5*h = 4*p - 294, 0 = -p + 2*h + 66. Calculate the greatest common factor of p and 589.
19
Let r(a) = 17*a**2 - 3*a - 29. Let d be r(-5). Calculate the highest common divisor of d and 3.
3
Suppose -4*o - 18159 + 19019 = 0. What is the greatest common factor of o and 129?
43
Suppose -4*c + 46*m = 42*m, -3*m = 3*c - 36. What is the greatest common factor of 942 and c?
6
Let h be (-1)/(-4)*-17*-16. Suppose 4*l - 76 = h. What is the highest common factor of l and 12?
12
Suppose -432 = -2*t - 4*r, -5*t + 5*r + 1140 = -0*t. Calculate the greatest common factor of t and 2528.
32
Let o(f) = -26 + 150 + 0*f - 21*f - f**2. Let b be o(-25). Calculate the highest common factor of 184 and b.
8
Let n = -80 - -114. Suppose -v = -n - 1. What is the highest common divisor of 245 and v?
35
Suppose -4*z + n - 77 = 0, -n = -4*z - 2*n - 83. Let v be -3*10*56/z. Calculate the greatest common factor of v and 35.
7
Suppose 90 = -13*f + 10*f. Let q = f - -19. Let k = q - -37. Calculate the greatest common divisor of k and 13.
13
Let o = -33751 - -33763. Calculate the highest common divisor of o and 2082.
6
Let k(s) = s**3 + 9*s**2 - 14*s - 10. Let u(x) = x**2 + 4*x - 2. Let r be u(-2). Let n be k(r). What is the greatest common factor of n and 14?
14
Suppose 26*q + 135*q = 5*q + 104676. What is the greatest common factor of 319 and q?
11
Suppose -v = 3*h - 446, 114*h - 115*h + 152 = v. Suppose 0*u = -5*u + 315. What is the highest common divisor of u and h?
21
Let n be (1 + 56)*8/(-72)*-3. Suppose 0 = 4*c - 3*c - n. Suppose -h = -101 - 32. What is the greatest common factor of h and c?
19
Let o(y) = 17*y**3 - y**2 - 2*y + 2. Let n be o(1). Let r(c) = -c**3 + 2*c**2 - 9*c + 26. Let i be r(-6). What is the highest common factor of n and i?
16
Let f(x) = -5*x**3 + x**2 - 23. Let r be f(7). Let p be (-1)/((-136)/(-16)) - r/51. Suppose 2*l - 22 = -0. Calculate the greatest common divisor of l and p.
11
Let n be 2/(-3) - (-167)/3. Suppose 108*g - 80*g = 1008. Let b = n - g. Calculate the highest common divisor of b and 152.
19
Let d be (-120 + (-36)/(-6))/(1/1). Let k = -38 - d. Calculate the greatest common divisor of k and 4.
4
Suppose -28*o + 75*o = -12*o + 2360. What is the highest common divisor of o and 740?
20
Let a(y) = -4*y + 556. Let j be a(-23). Let h = 150 + -126. What is the highest common factor of h and j?
24
Suppose -104*c = -2*j - 100*c + 5592, -j + 2811 = c. Calculate the greatest common divisor of j and 976.
122
Suppose -4*y = -7*y + 6. Suppose j - 24 = y. Let d = 442 - 312. What is the highest common factor of j and d?
26
Suppose -4*o - 205 = -893. Suppose 168*g - o*g = -240. Calculate the highest common divisor of g and 12.
12
Let y be (33/22*2)/((-3)/(-44)). Let m = 110 + -73. Let z = y - m. Calculate the greatest common divisor of z and 56.
7
Let k(h) = -h**2 + 18*h - 51. Let t be k(14). Suppose 2*s = 4*x - 212, 28 + 230 = t*x + s. What is the greatest common factor of 26 and x?
26
Let s = 470 - 430. Suppose 4*h - 3 = 3*h. Suppose -2*i + 4*u - u + 631 = 0, 0 = h*i - 5*u - 945. Calculate the greatest common factor of i and s.
40
Suppose 48*o = 42*o + 90. What is the greatest common divisor of 8325 and o?
15
Let c = 6323 - 6106. What is the highest common factor of c and 2759?
31
Let i be 1/2*-3*4/6. Let p be 1*(-5)/((i - 2) + 2). Suppose -4*a - 25 = -p*a. What is the greatest common factor of 10 and a?
5
Suppose -4*d + 3*l = 20, 20 = -4*d - 4*l + 3*l. Let q be (1 - d/(-2)) + 115/2. What is the greatest common divisor of 392 and q?
56
Suppose 0 = 10*k - 883 + 473. Suppose 3*u - 409 = -286. Calculate the highest common divisor of u and k.
41
Let l(g) = 7*g + 3. Suppose 12*p + 72 + 24 = 0. Let o be (-165)/(-60) + (-2)/p. Let y be l(o). What is the highest common factor of y and 12?
12
Suppose 21 = 8*w + 21. Let s be -3*(-30)/9 - w/4. What is the highest common factor of 20 and s?
10
Let b(c) = -5*c + 9. Let i be b(-9). Let n(g) = 2*g + 8. Let z be n(-3). Let w be (-2 - -8)*12/z. Calculate the highest common divisor of w and i.
18
Suppose 274*g = 272*g + 4. Suppose -8*l + 31 = -3*l + g*k, -2*l + 16 = 2*k. Calculate the greatest common divisor of 15 and l.
5
Let r(a) = -a**3 - 6*a - 3. Let c be r(-5). Let d be -41 + (-23 - -95 - 15). What is the highest common factor of d and c?
8
Let p = 1755 - 825. Let b be (-805)/(-25) - (-90)/(-75). What is the highest common divisor of b and p?
31
Let m(x) = -x**3 - 5*x**2 - 5*x - 4. Let u be m(-5). Let p = 18806 - 18575. What is the greatest common divisor of p and u?
21
Suppose 4*s - 3*a - 1410 = -268, -5*a = -s + 260. What is the greatest common factor of s and 1885?
145
Let n be -3 + 2 + 9 + (-74 - -126). Calculate the greatest common divisor of n and 174.
6
Let o = 6 + -4. Let v(k) = 3*k**2 + 0*k**2 - 2*k**o + k**2 - 5 + 5*k. Let u be v(-4). Calculate the highest common divisor of u and 28.
7
Suppose 7169*c - 7168*c + 86 = 4*l, l - 35 = -2*c. Let n = -106 - -290. Calculate the highest common divisor of n and l.
23
Let v = 88 + -79. Suppose 0 = v*k - 836 + 26. What is the highest common factor of 9 and k?
9
Suppose 0 = 13*c - 11*c + 4*w + 1030, 5*c + 2*w = -2599. Let y = c - -597. What is the highest common divisor of 152 and y?
76
Let v be 0 - (-74 + (-3 - -2)). Suppose 5*r = 5*i - 130, 2*r + 18 + 84 = 4*i. Calculate the greatest common factor of v and i.
25
Let p(m) = 126 - 376 + 124 + 124 - m + 32*m**2. Suppose 3*n + 4*f = -2*n - 26, n + f + 6 = 0. Let i be p(n). Calculate the highest common factor of i and 8.
8
Suppose -5*t + 2*v + 60 = 0, 9*t - v - 60 = 4*t. Let d(i) = 186*i - 606. Let y be d(5). Calculate the greatest common factor of y and t.
12
Suppose 24*d + 4*z - 52760 = 21*d, 0 = 4*d + 5*z - 70344. What is the greatest common factor of 39 and d?
13
Suppose 456*w - 228*w - 165 = 225*w. Suppose -g = -5*g - 16. Let n be 27/5 - g/(-10). What is the greatest common divisor of w and n?
5
Let n be 1/4 - (3 - (-65)/20). Let b = 90 + n. Let x be 1/3 + 332/12. What is the greatest common divisor of x and b?
28
Suppose -g + 412 = 5*y, 153 + 89 = 3*y - 2*g. What is the highest common factor of y and 4?
2
Let a = -91 - -95. Let y be (-60)/a*(-1)/3. Suppose -2*f = -3*z + 24, y*z - 3*f - 7 - 34 = 0. Calculate the highest common factor 